{"id":44,"date":"2020-01-10T17:33:05","date_gmt":"2020-01-10T16:33:05","guid":{"rendered":"http:\/\/brudizen.com\/?page_id=44"},"modified":"2020-01-17T16:56:16","modified_gmt":"2020-01-17T15:56:16","slug":"massage-ayurvedique-et-energetique","status":"publish","type":"page","link":"https:\/\/brudizen.com\/index.php\/prestations\/massage-ayurvedique-et-energetique\/","title":{"rendered":"Massage Ayurv\u00e9dique et \u00c9nerg\u00e9tique"},"content":{"rendered":"\n<h3 class=\"wp-block-heading\"><strong>Les specificit\u00e9s du massage Ayurv\u00e9dique :<\/strong><\/h3>\n\n\n\n<div class=\"wp-block-image\"><figure class=\"alignleft size-large is-resized\"><img decoding=\"async\" loading=\"lazy\" src=\"http:\/\/brudizen.com\/wp-content\/uploads\/2020\/01\/DSC_0080-2-e1387288928936.jpg\" alt=\"\" class=\"wp-image-45\" width=\"281\" height=\"188\"\/><\/figure><\/div>\n\n\n\n<ul><li>Le massage ayurv\u00e9dique est un massage venu directement d\u2019Inde, o\u00f9 le mot sanscrit Ayurveda \u00ab\u00a0Science de la vie\u00a0\u00bb ; d\u00e9signe la m\u00e9decine indienne traditionnelle. Les palpations et pressions, pratiqu\u00e9es sur le corps nu et huil\u00e9, d\u00e9tendent, r\u00e9duisent la tension nerveuse, et am\u00e9liorent la circulation sanguine. Je masse avec les mains, les avant-bras et les pieds avec l&#8217;huile de s\u00e9same et diff\u00e9rentes huiles essentielles. La dur\u00e9e est d\u2019environ 1h30. La base de massage ayurv\u00e9dique est connue pour soulager les douleurs musculaires et relaxer le corps. Elles permettent \u00e9galement une meilleure circulation sanguine et ont un effet re-dynamisant.<\/li><li>Trouver la paix int\u00e9rieure le temps d\u2019un massage n\u2019est pas donn\u00e9 \u00e0 tout le monde, pour y acc\u00e9der, le silence et le &#8220;l\u00e2cher prise&#8221;, vecteurs fondamentaux de la reconnexion avec soi-m\u00eame, ne sont pas des qualit\u00e9s facilement accessibles \u00e0 tous. En tant que professionnel, il me faut savoir l\u2019accepter et vous aider \u00e0 trouver votre bouton \u00ab\u00a0off\u00a0\u00bb permettant au syst\u00e8me nerveux se mettre au repos.<\/li><\/ul>\n\n\n\n<h3 class=\"wp-block-heading\"><strong>Les massages que je vous propose sont :<\/strong><\/h3>\n\n\n\n<ul><li><a href=\"http:\/\/brudizen.com\/index.php\/prestations\/massage-ayurvedique-et-energetique\/massage-de-plein-corps-abhyangam-ayurvedique\/\">MASSAGE DE PLEIN CORPS ABHYANGAM (AYURV\u00c9DIQUE)<\/a><\/li><li><a href=\"http:\/\/brudizen.com\/index.php\/prestations\/massage-ayurvedique-et-energetique\/le-massage-japonais-kobido-special-visage\/\">LE MASSAGE JAPONAIS (KOBIDO) SP\u00c9CIAL VISAGE<\/a><\/li><\/ul>\n\n\n\n<p><strong><a href=\"http:\/\/brudizen.com\/index.php\/me-joindre\/\">-&gt; R\u00e9servez votre massage d\u00e8s maintenant<\/a><\/strong><\/p>\n","protected":false},"excerpt":{"rendered":"<p>Les specificit\u00e9s du massage Ayurv\u00e9dique : Le massage ayurv\u00e9dique est un massage venu directement d\u2019Inde, o\u00f9 le mot sanscrit Ayurveda \u00ab\u00a0Science de la vie\u00a0\u00bb ; d\u00e9signe la m\u00e9decine indienne traditionnelle. Les palpations et pressions, pratiqu\u00e9es sur le corps nu et huil\u00e9, d\u00e9tendent, r\u00e9duisent la tension nerveuse, et am\u00e9liorent la circulation sanguine. Je masse avec les &hellip; <\/p>\n<p class=\"link-more\"><a href=\"https:\/\/brudizen.com\/index.php\/prestations\/massage-ayurvedique-et-energetique\/\" class=\"more-link\">Continue reading<span class=\"screen-reader-text\"> &#8220;Massage Ayurv\u00e9dique et \u00c9nerg\u00e9tique&#8221;<\/span><\/a><\/p>\n","protected":false},"author":1,"featured_media":203,"parent":40,"menu_order":1,"comment_status":"closed","ping_status":"closed","template":"","meta":[],"_links":{"self":[{"href":"https:\/\/brudizen.com\/index.php\/wp-json\/wp\/v2\/pages\/44"}],"collection":[{"href":"https:\/\/brudizen.com\/index.php\/wp-json\/wp\/v2\/pages"}],"about":[{"href":"https:\/\/brudizen.com\/index.php\/wp-json\/wp\/v2\/types\/page"}],"author":[{"embeddable":true,"href":"https:\/\/brudizen.com\/index.php\/wp-json\/wp\/v2\/users\/1"}],"replies":[{"embeddable":true,"href":"https:\/\/brudizen.com\/index.php\/wp-json\/wp\/v2\/comments?post=44"}],"version-history":[{"count":9,"href":"https:\/\/brudizen.com\/index.php\/wp-json\/wp\/v2\/pages\/44\/revisions"}],"predecessor-version":[{"id":301,"href":"https:\/\/brudizen.com\/index.php\/wp-json\/wp\/v2\/pages\/44\/revisions\/301"}],"up":[{"embeddable":true,"href":"https:\/\/brudizen.com\/index.php\/wp-json\/wp\/v2\/pages\/40"}],"wp:featuredmedia":[{"embeddable":true,"href":"https:\/\/brudizen.com\/index.php\/wp-json\/wp\/v2\/media\/203"}],"wp:attachment":[{"href":"https:\/\/brudizen.com\/index.php\/wp-json\/wp\/v2\/media?parent=44"}],"curies":[{"name":"wp","href":"https:\/\/api.w.org\/{rel}","templated":true}]}}